divided by 4301?
25
Calculate the remainder when 408171 is divided by 2383.
678
Calculate the remainder when 25460330 is divided by 225.
5
Calculate the remainder when 35508 is divided by 11796.
120
What is the remainder when 74915357 is divided by 18728837?
9
Calculate the remainder when 528614 is divided by 1125.
989
What is the remainder when 54798 is divided by 13186?
2054
Calculate the remainder when 136874 is divided by 109.
79
What is the remainder when 560936 is divided by 10384?
200
What is the remainder when 466741 is divided by 331?
31
Calculate the remainder when 161221 is divided by 230.
221
Calculate the remainder when 340060 is divided by 170002.
56
Calculate the remainder when 619361 is divided by 14.
1
Calculate the remainder when 4802071 is divided by 1200392.
503
What is the remainder when 1802542 is divided by 2912?
14
Calculate the remainder when 10250884 is divided by 234.
46
Calculate the remainder when 5820854 is divided by 582073.
124
Calculate the remainder when 197646428 is divided by 1013.
1011
What is the remainder when 2819602 is divided by 15664?
82
Calculate the remainder when 82981 is divided by 41371.
239
What is the remainder when 355491 is divided by 25388?
59
What is the remainder when 33932004 is divided by 115?
104
What is the remainder when 88449153 is divided by 8155?
23
What is the remainder when 1871536 is divided by 840?
16
What is the remainder when 617862998 is divided by 2757?
2756
What is the remainder when 19553 is divided by 9715?
123
What is the remainder when 244038 is divided by 20318?
222
What is the remainder when 2633557 is divided by 9020?
8737
Calculate the remainder when 4028614 is divided by 823.
29
What is the remainder when 1697476 is divided by 3879?
2353
What is the remainder when 475657 is divided by 154222?
12991
What is the remainder when 6839357 is divided by 189967?
545
Calculate the remainder when 338874 is divided by 951.
318
Calculate the remainder when 353489652 is divided by 27.
9
What is the remainder when 15102543 is divided by 1574?
13
Calculate the remainder when 430051 is divided by 214937.
177
What is the remainder when 517603 is divided by 172513?
64
What is the remainder when 896215 is divided by 112025?
15
Calculate the remainder when 1364276 is divided by 75791.
38
What is the remainder when 186790 is divided by 1808?
566
Calculate the remainder when 433831 is divided by 2623.
1036
What is the remainder when 6864290 is divided by 221427?
53
Calculate the remainder when 301535 is divided by 132.
47
What is the remainder when 2686678 is divided by 32764?
30
Calculate the remainder when 138651 is divided by 224.
219
What is the remainder when 1526373 is divided by 400?
373
What is the remainder when 25447030 is divided by 1496884?
2
Calculate the remainder when 10157312 is divided by 394.
386
Calculate the remainder when 3189977 is divided by 17.
12
What is the remainder when 219198 is divided by 108124?
2950
Calculate the remainder when 22694096 is divided by 858.
854
What is the remainder when 722421 is divided by 6337?
3
Calculate the remainder when 1345059 is divided by 6.
3
Calculate the remainder when 7563840 is divided by 58633.
183
What is the remainder when 3009 is divided by 1273?
463
Calculate the remainder when 2840471 is divided by 3498.
95
What is the remainder when 98922 is divided by 5434?
1110
Calculate the remainder when 127800 is divided by 6032.
1128
What is the remainder when 6735816 is divided by 254?
244
Calculate the remainder when 35008 is divided by 211.
193
What is the remainder when 231896793 is divided by 25766309?
12
What is the remainder when 1625385 is divided by 1720?
1705
Calculate the remainder when 10760040 is divided by 43.
21
Calculate the remainder when 677510 is divided by 2369.
2345
What is the remainder when 749424 is divided by 34?
30
Calculate the remainder when 14711 is divided by 14126.
585
Calculate the remainder when 11425938 is divided by 236.
234
Calculate the remainder when 387765 is divided by 1526.
161
Calculate the remainder when 71406 is divided by 1142.
602
Calculate the remainder when 705972 is divided by 382.
36
What is the remainder when 266535878 is divided by 104?
102
Calculate the remainder when 133475 is divided by 44486.
17
What is the remainder when 463861 is divided by 51536?
37
What is the remainder when 24546015 is divided by 176?
175
Calculate the remainder when 137596 is divided by 17168.
252
What is the remainder when 1793459 is divided by 355?
354
Calculate the remainder when 72859 is divided by 23709.
1732
What is the remainder when 12224726 is divided by 1256?
78
What is the remainder when 3649634 is divided by 1111?
1110
What is the remainder when 85407 is divided by 13677?
3345
Calculate the remainder when 93671 is divided by 23027.
1563
What is the remainder when 96300 is divided by 265?
105
Calculate the remainder when 13683550 is divided by 636.
10
What is the remainder when 68734 is divided by 3561?
1075
What is the remainder when 11800 is divided by 5812?
176
What is the remainder when 9442 is divided by 2539?
1825
Calculate the remainder when 37231719 is divided by 20.
19
What is the remainder when 387969 is divided by 5547?
5226
What is the remainder when 84506 is divided by 452?
434
What is the remainder when 756936 is divided by 378453?
30
Calculate the remainder when 41025553 is divided by 9.
7
What is the remainder when 719433 is divided by 271?
199
What is the remainder when 44378594 is divided by 158?
28
What is the remainder when 4714936 is divided by 489?
487
What is the remainder when 3617967 is divided by 25842?
87
What is the remainder when 32715665 is divided by 26?
21
What is the remainder when 17900 is divided by 2480?
540
What is the remainder when 3714692 is divided by 156?
20
What is the remainder when 8638307 is divided by 715?
392
Calculate the remainder when 42678 is divided by 12417.
5427
What is the remainder when 22264874 is divided by 426?
410
What is the remainder when 146408 is divided by 1902?
1856
What is the remainder when 82631 is divided by 5556?
4847
What is the remainder when 17560 is divided by 566?
14
Calculate the remainder when 95683 is divided by 2345.
1883
Calculate the remainder when 219245 is divided by 108040.
3165
What is the remainder when 1121698353 is divided by 13836?
13833
Calculate the remainder when 1572356892 is divided by 1786.
1784
Calculate the remainder when 138974 is divided by 131397.
7577
Calculate the remainder when 651031 is divided by 19649.
2614
What is the remainder when 1259684789 is divided by 26?
25
What is the remainder when 106151 is divided by 4426?
4353
What is the remainder when 31181221 is divided by 222?
211
Calculate the remainder when 278011 is divided by 46326.
55
Calculate the remainder when 1527783 is divided by 336.
327
What is the remainder when 3105195 is divided by 94?
93
Calculate the remainder when 36356 is divided by 2601.
2543
Calculate the remainder when 31889984 is divided by 2453072.
48
Calculate the remainder when 355922 is divided by 216.
170
What is the remainder when 16081908 is divided by 86?
80
Calculate the remainder when 1341523 is divided by 3042.
1
Calculate the remainder when 1484804 is divided by 13617.
551
Calculate the remainder when 84373319 is divided by 1480.
1479
Calculate the remainder when 631279 is divided by 210251.
526
What is the remainder when 34563 is divided by 124?
91
Calculate the remainder when 104346829 is divided by 1228.
1213
Calculate the remainder when 14676919 is divided by 3381.
3379
What is the remainder when 4968967 is divided by 119?
3
What is the remainder when 169812163 is divided by 379045?
3
What is the remainder when 864861 is divided by 864406?
455
What is the remainder when 1345057 is divided by 2122?
1831
Calculate the remainder when 213716344 is divided by 5799.
5797
What is the remainder when 724998 is divided by 548?
542
What is the remainder when 241696438 is divided by 120848216?
6
What is the remainder when 38689 is divided by 6146?
1813
What is the remainder when 1656523 is divided by 236640?
43
What is the remainder when 17341 is divided by 481?
25
What is the remainder when 99632 is divided by 441?
407
Calculate the remainder when 825